{"id":695,"date":"2023-04-20T03:19:29","date_gmt":"2023-04-20T03:19:29","guid":{"rendered":"https:\/\/itclass.tdtu.edu.vn\/cs2022\/community\/"},"modified":"2023-04-23T05:09:40","modified_gmt":"2023-04-23T05:09:40","slug":"forum","status":"publish","type":"page","link":"https:\/\/itclass.tdtu.edu.vn\/cs2022\/forum\/","title":{"rendered":"Forum"},"content":{"rendered":"\t\t<div data-elementor-type=\"wp-page\" data-elementor-id=\"695\" class=\"elementor elementor-695\">\n\t\t\t\t\t\t\t\t\t<section class=\"elementor-section elementor-top-section elementor-element elementor-element-5d384be2 elementor-section-boxed elementor-section-height-default elementor-section-height-default\" data-id=\"5d384be2\" data-element_type=\"section\">\n\t\t\t\t\t\t<div class=\"elementor-container elementor-column-gap-default\">\n\t\t\t\t\t<div class=\"elementor-column elementor-col-100 elementor-top-column elementor-element elementor-element-ce12780\" data-id=\"ce12780\" data-element_type=\"column\">\n\t\t\t<div class=\"elementor-widget-wrap elementor-element-populated\">\n\t\t\t\t\t\t\t\t<div class=\"elementor-element elementor-element-34b1a9c4 elementor-widget elementor-widget-shortcode\" data-id=\"34b1a9c4\" data-element_type=\"widget\" data-widget_type=\"shortcode.default\">\n\t\t\t\t<div class=\"elementor-widget-container\">\n\t\t\t\t\t<div class=\"elementor-shortcode\"><\/div>\n\t\t\t\t<\/div>\n\t\t\t\t<\/div>\n\t\t\t\t\t<\/div>\n\t\t<\/div>\n\t\t\t\t\t\t\t<\/div>\n\t\t<\/section>\n\t\t\t\t\t\t\t<\/div>\n\t\t","protected":false},"excerpt":{"rendered":"","protected":false},"author":19,"featured_media":0,"parent":0,"menu_order":0,"comment_status":"close","ping_status":"close","template":"","meta":{"content-type":"","site-sidebar-layout":"default","site-content-layout":"default","ast-global-header-display":"","ast-main-header-display":"","ast-hfb-above-header-display":"","ast-hfb-below-header-display":"","ast-hfb-mobile-header-display":"","site-post-title":"","ast-breadcrumbs-content":"","ast-featured-img":"","footer-sml-layout":"","theme-transparent-header-meta":"","adv-header-id-meta":"","stick-header-meta":"","header-above-stick-meta":"","header-main-stick-meta":"","header-below-stick-meta":""},"featured_image_urls":{"full":"","thumbnail":"","medium":"","medium_large":"","large":"","1536x1536":"","2048x2048":""},"post_excerpt_stackable":"","category_list":"","author_info":{"name":"L\u00ea \u0110\u0103ng Nguy\u1ec5n","url":"https:\/\/itclass.tdtu.edu.vn\/cs2022\/author\/cs2022\/"},"comments_num":"0 comments","_links":{"self":[{"href":"https:\/\/itclass.tdtu.edu.vn\/cs2022\/wp-json\/wp\/v2\/pages\/695"}],"collection":[{"href":"https:\/\/itclass.tdtu.edu.vn\/cs2022\/wp-json\/wp\/v2\/pages"}],"about":[{"href":"https:\/\/itclass.tdtu.edu.vn\/cs2022\/wp-json\/wp\/v2\/types\/page"}],"author":[{"embeddable":true,"href":"https:\/\/itclass.tdtu.edu.vn\/cs2022\/wp-json\/wp\/v2\/users\/19"}],"replies":[{"embeddable":true,"href":"https:\/\/itclass.tdtu.edu.vn\/cs2022\/wp-json\/wp\/v2\/comments?post=695"}],"version-history":[{"count":3,"href":"https:\/\/itclass.tdtu.edu.vn\/cs2022\/wp-json\/wp\/v2\/pages\/695\/revisions"}],"predecessor-version":[{"id":1018,"href":"https:\/\/itclass.tdtu.edu.vn\/cs2022\/wp-json\/wp\/v2\/pages\/695\/revisions\/1018"}],"wp:attachment":[{"href":"https:\/\/itclass.tdtu.edu.vn\/cs2022\/wp-json\/wp\/v2\/media?parent=695"}],"curies":[{"name":"wp","href":"https:\/\/api.w.org\/{rel}","templated":true}]}}