{"id":2,"date":"2023-04-12T03:45:33","date_gmt":"2023-04-12T03:45:33","guid":{"rendered":"https:\/\/itclass.tdtu.edu.vn\/khmt2021clc02\/?page_id=2"},"modified":"2023-04-23T13:30:57","modified_gmt":"2023-04-23T13:30:57","slug":"sample-page","status":"publish","type":"page","link":"https:\/\/itclass.tdtu.edu.vn\/khmt2021clc02\/sample-page\/","title":{"rendered":"G\u00f3c H\u1ecdc T\u1eadp"},"content":{"rendered":"\t\t<div data-elementor-type=\"wp-page\" data-elementor-id=\"2\" class=\"elementor elementor-2\">\n\t\t\t\t\t\t\t\t\t<section class=\"elementor-section elementor-top-section elementor-element elementor-element-c0215a9 elementor-section-boxed elementor-section-height-default elementor-section-height-default\" data-id=\"c0215a9\" data-element_type=\"section\">\n\t\t\t\t\t\t<div class=\"elementor-container elementor-column-gap-default\">\n\t\t\t\t\t<div class=\"elementor-column elementor-col-100 elementor-top-column elementor-element elementor-element-c89db72\" data-id=\"c89db72\" data-element_type=\"column\">\n\t\t\t<div class=\"elementor-widget-wrap elementor-element-populated\">\n\t\t\t\t\t\t\t\t<div class=\"elementor-element elementor-element-b9568ef elementor-widget elementor-widget-text-editor\" data-id=\"b9568ef\" data-element_type=\"widget\" data-widget_type=\"text-editor.default\">\n\t\t\t\t<div class=\"elementor-widget-container\">\n\t\t\t<style>\/*! elementor - v3.11.5 - 14-03-2023 *\/\n.elementor-widget-text-editor.elementor-drop-cap-view-stacked .elementor-drop-cap{background-color:#818a91;color:#fff}.elementor-widget-text-editor.elementor-drop-cap-view-framed .elementor-drop-cap{color:#818a91;border:3px solid;background-color:transparent}.elementor-widget-text-editor:not(.elementor-drop-cap-view-default) .elementor-drop-cap{margin-top:8px}.elementor-widget-text-editor:not(.elementor-drop-cap-view-default) .elementor-drop-cap-letter{width:1em;height:1em}.elementor-widget-text-editor .elementor-drop-cap{float:left;text-align:center;line-height:1;font-size:50px}.elementor-widget-text-editor .elementor-drop-cap-letter{display:inline-block}<\/style>\t\t\t\t<p><span style=\"font-size: 24pt\"><strong><em>\u0110\u00e2y L\u00e0 N\u01a1i Chia S\u1ebb Nh\u1eefng T\u00e0i Li\u1ec7u Ki\u1ebfn Th\u1ee9c Gi\u00fap C\u00e1c B\u1ea1n H\u1ecdc T\u1ed1t H\u01a1n.<\/em><\/strong><\/span><\/p>\t\t\t\t\t\t<\/div>\n\t\t\t\t<\/div>\n\t\t\t\t<div class=\"elementor-element elementor-element-bd4cf88 elementor-widget elementor-widget-wpzoom-elementor-addons-slider\" data-id=\"bd4cf88\" data-element_type=\"widget\" data-settings=\"{&quot;animation_speed&quot;:300,&quot;autoplay&quot;:&quot;yes&quot;,&quot;autoplay_speed&quot;:3000,&quot;loop&quot;:&quot;yes&quot;,&quot;slides_to_show&quot;:1,&quot;slides_to_show_tablet&quot;:1,&quot;slides_to_show_mobile&quot;:1,&quot;navigation&quot;:&quot;arrow&quot;}\" data-widget_type=\"wpzoom-elementor-addons-slider.default\">\n\t\t\t\t<div class=\"elementor-widget-container\">\n\t\t\t<div class=\"wpzjs-slick wpz-slick wpz-slick--slider\">\n\n\t\t\t\n\t\t\t\t<div class=\"wpz-slick-slide\">\n\n\t\t\t\t\t<a class=\"wpz-slick-item\" href=\"https:\/\/itclass.tdtu.edu.vn\/khmt2021clc02\/2023\/04\/23\/lien-he\/\">\n\n\t\t\t\t\t\t\n\t\t\t\t\t\t\n\t\t\t\t\t\t\t\t\t\t\t\t\t<div class=\"wpz-slick-content\">\n\t\t\t\t\t\t\t\t\t\t\t\t\t\t\t\t\t<h2 class=\"wpz-slick-title\">Li\u00ean H\u1ec7<\/h2>\n\t\t\t\t\t\t\t\t\t\t\t\t\t\t\t\t\t\t\t\t\t\t\t<\/div>\n\t\t\t\t\t\t\n\t\t\t\t\t<\/a>\n\n\t\t\t\t<\/div>\n\n\t\t\t\n\t\t\t\t<div class=\"wpz-slick-slide\">\n\n\t\t\t\t\t<a class=\"wpz-slick-item\" href=\"https:\/\/itclass.tdtu.edu.vn\/khmt2021clc02\/2023\/04\/12\/hello-world\/\">\n\n\t\t\t\t\t\t\n\t\t\t\t\t\t\n\t\t\t\t\t\t\t\t\t\t\t\t\t<div class=\"wpz-slick-content\">\n\t\t\t\t\t\t\t\t\t\t\t\t\t\t\t\t\t<h2 class=\"wpz-slick-title\">Hello world!<\/h2>\n\t\t\t\t\t\t\t\t\t\t\t\t\t\t\t\t\t\t\t\t\t\t\t\t\t<p class=\"wpz-slick-subtitle\">Welcome to L\u1edbp h\u1ecdc khoa CNTT Sites. This is your first post. Edit or delete it, then start writing!<\/p>\n\t\t\t\t\t\t\t\t\t\t\t\t\t\t\t<\/div>\n\t\t\t\t\t\t\n\t\t\t\t\t<\/a>\n\n\t\t\t\t<\/div>\n\n\t\t\t\n\t\t<\/div>\n\n\t\t\t\t\t<button type=\"button\" class=\"slick-prev\"><i aria-hidden=\"true\" class=\"fas fa-chevron-left\"><\/i><\/button>\n\t\t\n\t\t\t\t\t<button type=\"button\" class=\"slick-next\"><i aria-hidden=\"true\" class=\"fas fa-chevron-right\"><\/i><\/button>\n\t\t\n\t\t\t\t<\/div>\n\t\t\t\t<\/div>\n\t\t\t\t\t<\/div>\n\t\t<\/div>\n\t\t\t\t\t\t\t<\/div>\n\t\t<\/section>\n\t\t\t\t<section class=\"elementor-section elementor-top-section elementor-element elementor-element-f7a96a5 elementor-section-boxed elementor-section-height-default elementor-section-height-default\" data-id=\"f7a96a5\" data-element_type=\"section\">\n\t\t\t\t\t\t<div class=\"elementor-container elementor-column-gap-default\">\n\t\t\t\t\t<div class=\"elementor-column elementor-col-100 elementor-top-column elementor-element elementor-element-050a0ff\" data-id=\"050a0ff\" data-element_type=\"column\">\n\t\t\t<div class=\"elementor-widget-wrap elementor-element-populated\">\n\t\t\t\t\t\t\t\t<div class=\"elementor-element elementor-element-e36a568 elementor-widget elementor-widget-text-editor\" data-id=\"e36a568\" data-element_type=\"widget\" data-widget_type=\"text-editor.default\">\n\t\t\t\t<div class=\"elementor-widget-container\">\n\t\t\t\t\t\t\t<p>T\u00e0i Li\u1ec7u M\u00f4n Nh\u1eadn M\u00f4n M\u1ea1ng M\u00e1y T\u00ednh<\/p>\t\t\t\t\t\t<\/div>\n\t\t\t\t<\/div>\n\t\t\t\t<div class=\"elementor-element elementor-element-65aaba6 elementor-widget elementor-widget-wpzoom-elementor-addons-image-box\" data-id=\"65aaba6\" data-element_type=\"widget\" data-widget_type=\"wpzoom-elementor-addons-image-box.default\">\n\t\t\t\t<div class=\"elementor-widget-container\">\n\t\t\t\t\t<div class=\"wpzoom-elementor-addons-image-box\">\n\t\t\t<h3>\n\t\t\t\t<a href=\"https:\/\/gaia.cs.umass.edu\/kurose_ross\/ppt.php\" class=\"wpzoom-elementor-addons-image-box-link is-linked has-image\" style=\"background-image:url('https:\/\/itclass.tdtu.edu.vn\/khmt2021clc02\/wp-content\/uploads\/sites\/9\/2023\/04\/Anh-chup-Man-hinh-2023-04-23-luc-18.51.25.png');\"><span><strong>T\u00e0i Li\u1ec7u Nh\u1eadp M\u00f4n M\u1ea1ng M\u00e1y T\u00cdnh<\/strong><\/span><\/a>\t\t\t<\/h3>\n\t\t<\/div><!-- \/\/.wpzoom-elementor-addons-image-box -->\n\t\t\t\t<\/div>\n\t\t\t\t<\/div>\n\t\t\t\t\t<\/div>\n\t\t<\/div>\n\t\t\t\t\t\t\t<\/div>\n\t\t<\/section>\n\t\t\t\t<section class=\"elementor-section elementor-top-section elementor-element elementor-element-292f3a5 elementor-section-boxed elementor-section-height-default elementor-section-height-default\" data-id=\"292f3a5\" data-element_type=\"section\">\n\t\t\t\t\t\t<div class=\"elementor-container elementor-column-gap-default\">\n\t\t\t\t\t<div class=\"elementor-column elementor-col-100 elementor-top-column elementor-element elementor-element-737bf15\" data-id=\"737bf15\" data-element_type=\"column\">\n\t\t\t<div class=\"elementor-widget-wrap elementor-element-populated\">\n\t\t\t\t\t\t\t\t<div class=\"elementor-element elementor-element-e5fe395 elementor-widget elementor-widget-text-editor\" data-id=\"e5fe395\" data-element_type=\"widget\" data-widget_type=\"text-editor.default\">\n\t\t\t\t<div class=\"elementor-widget-container\">\n\t\t\t\t\t\t\t<p>T\u00e0i Li\u1ec7u M\u00f4n H\u1ecdc Tr\u00ed Tu\u1ec7 Nh\u00e2n T\u1ea1o AI<\/p>\t\t\t\t\t\t<\/div>\n\t\t\t\t<\/div>\n\t\t\t\t<div class=\"elementor-element elementor-element-9c7e353 elementor-widget elementor-widget-wpzoom-elementor-addons-image-box\" data-id=\"9c7e353\" data-element_type=\"widget\" data-widget_type=\"wpzoom-elementor-addons-image-box.default\">\n\t\t\t\t<div class=\"elementor-widget-container\">\n\t\t\t\t\t<div class=\"wpzoom-elementor-addons-image-box\">\n\t\t\t<h3>\n\t\t\t\t<a href=\"https:\/\/drive.google.com\/drive\/folders\/15k167OzCnMGJwcjgwde4uLZlOPZtwEVN\" class=\"wpzoom-elementor-addons-image-box-link is-linked has-image\" style=\"background-image:url('https:\/\/itclass.tdtu.edu.vn\/khmt2021clc02\/wp-content\/uploads\/sites\/9\/2023\/04\/Anh-chup-Man-hinh-2023-04-23-luc-18.56.06.png');\"><span><strong>T\u00e0i Li\u1ec7u M\u00f4n Tr\u00ed Tu\u1ec7 Nh\u00e2n T\u1ea1o AI<\/strong><\/span><\/a>\t\t\t<\/h3>\n\t\t<\/div><!-- \/\/.wpzoom-elementor-addons-image-box -->\n\t\t\t\t<\/div>\n\t\t\t\t<\/div>\n\t\t\t\t\t<\/div>\n\t\t<\/div>\n\t\t\t\t\t\t\t<\/div>\n\t\t<\/section>\n\t\t\t\t<section class=\"elementor-section elementor-top-section elementor-element elementor-element-6ef4a0e elementor-section-boxed elementor-section-height-default elementor-section-height-default\" data-id=\"6ef4a0e\" data-element_type=\"section\">\n\t\t\t\t\t\t<div class=\"elementor-container elementor-column-gap-default\">\n\t\t\t\t\t<div class=\"elementor-column elementor-col-100 elementor-top-column elementor-element elementor-element-84a7291\" data-id=\"84a7291\" data-element_type=\"column\">\n\t\t\t<div class=\"elementor-widget-wrap elementor-element-populated\">\n\t\t\t\t\t\t\t\t<div class=\"elementor-element elementor-element-cd3a251 elementor-widget elementor-widget-text-editor\" data-id=\"cd3a251\" data-element_type=\"widget\" data-widget_type=\"text-editor.default\">\n\t\t\t\t<div class=\"elementor-widget-container\">\n\t\t\t\t\t\t\t<p>N\u1ed9i Dung \u00d4n T\u1eadp Cu\u1ed1i K\u1ef3 Nh\u1eadp M\u00f4n M\u1ea1ng M\u00e1y T\u00ednh<\/p>\t\t\t\t\t\t<\/div>\n\t\t\t\t<\/div>\n\t\t\t\t<div class=\"elementor-element elementor-element-3577d46 elementor-widget elementor-widget-wpzoom-elementor-addons-image-box\" data-id=\"3577d46\" data-element_type=\"widget\" data-widget_type=\"wpzoom-elementor-addons-image-box.default\">\n\t\t\t\t<div class=\"elementor-widget-container\">\n\t\t\t\t\t<div class=\"wpzoom-elementor-addons-image-box\">\n\t\t\t<h3>\n\t\t\t\t<a href=\"https:\/\/docs.google.com\/document\/d\/1DZuqDoMnl-rh_EUo6i46pv_-WRG9_KHQN6Ro3LCzkpU\/edit\" class=\"wpzoom-elementor-addons-image-box-link is-linked has-image\" style=\"background-image:url('https:\/\/itclass.tdtu.edu.vn\/khmt2021clc02\/wp-content\/uploads\/sites\/9\/2023\/04\/flowers-butterflies-red-flowers-7940010.jpg');\"><span><strong>N\u1ed9i Dung \u00d4n T\u1eadp Cu\u1ed1i K\u1ef3 Nh\u1eadp M\u00f4n M\u1ea1ng M\u00e1y T\u00ednh<\/strong><\/span><\/a>\t\t\t<\/h3>\n\t\t<\/div><!-- \/\/.wpzoom-elementor-addons-image-box -->\n\t\t\t\t<\/div>\n\t\t\t\t<\/div>\n\t\t\t\t\t<\/div>\n\t\t<\/div>\n\t\t\t\t\t\t\t<\/div>\n\t\t<\/section>\n\t\t\t\t\t\t\t<\/div>\n\t\t","protected":false},"excerpt":{"rendered":"<p>\u0110\u00e2y L\u00e0 N\u01a1i Chia S\u1ebb Nh\u1eefng T\u00e0i Li\u1ec7u Ki\u1ebfn Th\u1ee9c Gi\u00fap C\u00e1c B\u1ea1n H\u1ecdc T\u1ed1t H\u01a1n. Hello world! Welcome to L\u1edbp h\u1ecdc khoa CNTT Sites. This is your first post. Edit or delete it, then start writing! T\u00e0i Li\u1ec7u M\u00f4n Nh\u1eadn M\u00f4n M\u1ea1ng M\u00e1y T\u00ednh T\u00e0i Li\u1ec7u Nh\u1eadp M\u00f4n M\u1ea1ng M\u00e1y T\u00cdnh T\u00e0i Li\u1ec7u M\u00f4n &hellip; <\/p>\n<p class=\"link-more\"><a href=\"https:\/\/itclass.tdtu.edu.vn\/khmt2021clc02\/2023\/04\/12\/hello-world\/\" class=\"more-link\">Read more<span class=\"screen-reader-text\"> &#8220;Hello world!&#8221;<\/span><\/a><\/p>\n","protected":false},"author":9,"featured_media":0,"parent":0,"menu_order":0,"comment_status":"closed","ping_status":"open","template":"","meta":{"content-type":""},"featured_image_urls":{"full":"","thumbnail":"","medium":"","medium_large":"","large":"","1536x1536":"","2048x2048":"","inspiro-featured-image":"","inspiro-loop":"","inspiro-loop@2x":""},"post_excerpt_stackable":"<p>\u0110\u00e2y L\u00e0 N\u01a1i Chia S\u1ebb Nh\u1eefng T\u00e0i Li\u1ec7u Ki\u1ebfn Th\u1ee9c Gi\u00fap C\u00e1c B\u1ea1n H\u1ecdc T\u1ed1t H\u01a1n. Hello world! Welcome to L\u1edbp h\u1ecdc khoa CNTT Sites. This is your first post. Edit or delete it, then start writing! T\u00e0i Li\u1ec7u M\u00f4n Nh\u1eadn M\u00f4n M\u1ea1ng M\u00e1y T\u00ednh T\u00e0i Li\u1ec7u Nh\u1eadp M\u00f4n M\u1ea1ng M\u00e1y T\u00cdnh T\u00e0i Li\u1ec7u M\u00f4n H\u1ecdc Tr\u00ed Tu\u1ec7 Nh\u00e2n T\u1ea1o AI T\u00e0i Li\u1ec7u M\u00f4n Tr\u00ed Tu\u1ec7 Nh\u00e2n T\u1ea1o AI N\u1ed9i Dung \u00d4n T\u1eadp Cu\u1ed1i K\u1ef3 Nh\u1eadp M\u00f4n M\u1ea1ng M\u00e1y T\u00ednh N\u1ed9i Dung \u00d4n T\u1eadp Cu\u1ed1i K\u1ef3 Nh\u1eadp M\u00f4n M\u1ea1ng M\u00e1y T\u00ednh<\/p>\n","category_list":"","author_info":{"name":"Nguy\u1ec5n Gia M\u1ef9","url":"https:\/\/itclass.tdtu.edu.vn\/khmt2021clc02\/author\/khmt2021clc02\/"},"comments_num":"0 comments","_links":{"self":[{"href":"https:\/\/itclass.tdtu.edu.vn\/khmt2021clc02\/wp-json\/wp\/v2\/pages\/2"}],"collection":[{"href":"https:\/\/itclass.tdtu.edu.vn\/khmt2021clc02\/wp-json\/wp\/v2\/pages"}],"about":[{"href":"https:\/\/itclass.tdtu.edu.vn\/khmt2021clc02\/wp-json\/wp\/v2\/types\/page"}],"author":[{"embeddable":true,"href":"https:\/\/itclass.tdtu.edu.vn\/khmt2021clc02\/wp-json\/wp\/v2\/users\/9"}],"replies":[{"embeddable":true,"href":"https:\/\/itclass.tdtu.edu.vn\/khmt2021clc02\/wp-json\/wp\/v2\/comments?post=2"}],"version-history":[{"count":99,"href":"https:\/\/itclass.tdtu.edu.vn\/khmt2021clc02\/wp-json\/wp\/v2\/pages\/2\/revisions"}],"predecessor-version":[{"id":233,"href":"https:\/\/itclass.tdtu.edu.vn\/khmt2021clc02\/wp-json\/wp\/v2\/pages\/2\/revisions\/233"}],"wp:attachment":[{"href":"https:\/\/itclass.tdtu.edu.vn\/khmt2021clc02\/wp-json\/wp\/v2\/media?parent=2"}],"curies":[{"name":"wp","href":"https:\/\/api.w.org\/{rel}","templated":true}]}}