{"id":161,"date":"2023-04-23T21:54:50","date_gmt":"2023-04-23T21:54:50","guid":{"rendered":"https:\/\/itclass.tdtu.edu.vn\/khmt2021tc01\/?page_id=161"},"modified":"2023-04-24T08:30:40","modified_gmt":"2023-04-24T08:30:40","slug":"tin-tuc","status":"publish","type":"page","link":"https:\/\/itclass.tdtu.edu.vn\/khmt2021tc01\/tin-tuc\/","title":{"rendered":"Th\u00f4ng b\u00e1o"},"content":{"rendered":"\n<div class=\"wp-block-stackable-columns alignwide stk-block-columns stk-block stk-f815ce4 stk-block-background\" data-block-id=\"f815ce4\"><style>.stk-f815ce4-column{--stk-column-gap:0px !important;row-gap:0px !important}<\/style><div class=\"stk-row stk-inner-blocks stk-block-content stk-content-align stk-f815ce4-column alignfull\">\n<div class=\"wp-block-stackable-column stk-block-column stk-block-column--v3 stk-column stk-block-column--v2 stk-block stk-36103d6\" data-block-id=\"36103d6\"><style>.stk-36103d6{right:0px !important;opacity:1 !important;z-index:0 !important}.stk-36103d6-container{margin-top:0px !important;margin-right:0px !important;margin-bottom:0px !important;margin-left:0px !important}<\/style><div class=\"stk-column-wrapper stk-block-column__content stk-container stk-36103d6-container stk-hover-parent\"><div class=\"stk-block-content stk-inner-blocks stk-36103d6-inner-blocks\">\n<div class=\"wp-block-stackable-heading stk-block-heading stk-block-heading--v2 stk-block stk-75fcb1d\" id=\"thong-bao-n\u1ed5i-b\u1eadt\" data-block-id=\"75fcb1d\"><style>.stk-75fcb1d{margin-bottom:0px !important}<\/style><h2 class=\"stk-block-heading__text\">TH\u00d4NG B\u00c1O N\u1ed4I B\u1eacT <\/h2><\/div>\n\n\n\n<p> TH\u00d4NG B\u00c1O V\/V \u0110\u0102NG K\u00dd M\u00d4N H\u1eccC TRONG HK1\/2023-2024 D\u00c0NH CHO SINH VI\u00caN C\u00c1C L\u1edaP TI\u00caU CHU\u1ea8N, CH\u1ea4T L\u01af\u1ee2NG CAO, \u0110\u1ea0I H\u1eccC B\u1eb0NG TI\u1ebeNG ANH T\u1eea KH\u00d3A TUY\u1ec2N SINH 2022 TR\u1ede V\u1ec0 TR\u01af\u1edaC <\/p>\n\n\n\n<div class=\"wp-block-stackable-card stk-block-card stk-block stk-56ef950 is-style-horizontal\" data-block-id=\"56ef950\"><style>.stk-56ef950 .stk-block-card__content{align-items:center !important;display:flex !important}.stk-56ef950 .stk-block-card__image{width:800px !important;height:100% !important}.stk-56ef950 .stk-block-card__image img{transform:scale(0.88) !important}@media screen and (max-width:1023px){.stk-56ef950 .stk-block-card__image{width:300px !important}}@media screen and (max-width:767px){.stk-56ef950 .stk-block-card__image{width:0px !important}}<\/style><div class=\"stk--no-padding stk-container stk-56ef950-container stk-hover-parent\"><figure class=\"stk-block-card__image stk-img-wrapper stk-image--shape-stretch\"><img decoding=\"async\" loading=\"lazy\" class=\"stk-img wp-image-174\" src=\"https:\/\/itclass.tdtu.edu.vn\/khmt2021tc01\/wp-content\/uploads\/sites\/3\/2023\/04\/Screenshot-2023-04-24-133801.png\" width=\"742\" height=\"440\" srcset=\"https:\/\/itclass.tdtu.edu.vn\/khmt2021tc01\/wp-content\/uploads\/sites\/3\/2023\/04\/Screenshot-2023-04-24-133801.png 742w, https:\/\/itclass.tdtu.edu.vn\/khmt2021tc01\/wp-content\/uploads\/sites\/3\/2023\/04\/Screenshot-2023-04-24-133801-300x178.png 300w\" sizes=\"(max-width: 742px) 100vw, 742px\" \/><\/figure><div class=\"stk-container-padding stk-block-card__content\"><div class=\"stk-block-content stk-inner-blocks\">\n<div class=\"wp-block-stackable-heading stk-block-heading stk-block-heading--v2 stk-block stk-a84cb9f\" id=\"th\u1eddi-gian-dang-ki-mon-h\u1ecdc\" data-block-id=\"a84cb9f\"><style>.stk-a84cb9f{margin-bottom:0px !important}<\/style><h2 class=\"stk-block-heading__text\">Th\u1eddi gian \u0111\u0103ng k\u00ed m\u00f4n h\u1ecdc:<\/h2><\/div>\n\n\n\n<p>\u0110\u1ee3t 1: d\u00e0nh cho kh\u00f3a 26\u0110H (24\/4 \u0111\u1ebfn 26\/4\/2023)<\/p>\n\n\n\n<p>\u0110\u1ee3t 2: d\u00e0nh cho kh\u00f3a 25\u0110H (25\/4 \u0111\u1ebfn 27\/4\/2023)<\/p>\n\n\n\n<p>\u0110\u1ee3t 3: d\u00e0nh cho kh\u00f3a 24\u0110H (26\/4 \u0111\u1ebfn 28\/4\/2023)<\/p>\n\n\n\n<p>\u0110\u1ee3t 4: SV ti\u00eau chu\u1ea9n, ch\u1ea5t l\u01b0\u1ee3ng cao c\u00e1c kh\u00f3a tuy\u1ec3n sinh t\u1eeb n\u0103m 2019 tr\u1edf v\u1ec1 tr\u01b0\u1edbc v\u00e0 sinh vi\u00ean \u0111\u1ea1i h\u1ecdc b\u1eb1ng ti\u1ebfng Anh kh\u00f3a tuy\u1ec3n sinh n\u0103m t\u1eeb 2019 tr\u1edf v\u1ec1 sau \u0111\u0103ng k\u00fd t\u1eeb 10h ng\u00e0y 04\/05 \u2013 10h ng\u00e0y 06\/05\/2023.<\/p>\n\n\n\n<h2>Th\u1eddi gian \u0111\u0103ng k\u00fd m\u00f4n h\u1ecdc ch\u00ednh th\u1ee9c d\u00e0nh cho sinh vi\u00ean ch\u01b0a \u0111\u0103ng k\u00fd KHHT ho\u1eb7c \u0111\u0103ng k\u00fd th\u00eam m\u00f4n ngo\u00e0i KHHT ho\u1eb7c \u0111\u0103ng k\u00fd l\u1ea1i m\u00f4n h\u1ecdc b\u1ecb h\u1ee7y nh\u00f3m (n\u1ebfu c\u00f3).<\/h2>\n\n\n\n<p>Th\u1eddi gian \u0111\u0103ng k\u00fd nh\u01b0 sau:<\/p>\n\n\n\n<p>\u0110\u1ee3t 1: SV ti\u00eau chu\u1ea9n, ch\u1ea5t l\u01b0\u1ee3ng cao, \u0111\u1ea1i h\u1ecdc b\u1eb1ng Ti\u1ebfng Anh \u0111\u0103ng k\u00fd b\u1ed5 sung m\u00f4n h\u1ecdc t\u1eeb 09h ng\u00e0y 09\/05 \u2013 09h ng\u00e0y 11\/05\/2023.<\/p>\n\n\n\n<p>\u0110\u1ee3t 2: SV \u0111\u0103ng nh\u1eadp v\u00e0o CTTSV, ch\u1ecdn ph\u00e2n h\u1ec7 \u0110\u00e0o t\u1ea1o, ch\u1ecdn \u0111\u0103ng k\u00fd m\u00f4n h\u1ecdc, ch\u1ecdn th\u00f4ng tin \u0111\u1ec3 xem k\u1ebft qu\u1ea3 s\u01a1 b\u1ed9 v\u00e0 \u0111\u0103ng k\u00fd l\u1ea1i c\u00e1c m\u00f4n h\u1ecdc b\u1ecb h\u1ee7y do kh\u00f4ng \u0111\u1ee7 s\u1ed1 l\u01b0\u1ee3ng t\u1eeb 10h ng\u00e0y 18\/05 \u2013 10h ng\u00e0y 20\/05\/2023.<\/p>\n\n\n\n<h2>Chi ti\u1ebft th\u00f4ng b\u00e1o sinh vi\u00ean xem t\u1ea1i: <\/h2>\n\n\n\n<p><a href=\"https:\/\/studentnews.tdtu.edu.vn\/ThongBao\/Detail\/140498\">https:\/\/studentnews.tdtu.edu.vn\/ThongBao\/Detail\/140498<\/a><\/p>\n<\/div><\/div><\/div><\/div>\n\n\n\n<div class=\"wp-block-stackable-heading stk-block-heading stk-block-heading--v2 stk-block stk-59e5c79\" id=\"m\u1ed9t-s\u1ed1-thong-bao-khac\" data-block-id=\"59e5c79\"><h2 class=\"stk-block-heading__text\">M\u1ed8T S\u1ed0 TH\u00d4NG B\u00c1O KH\u00c1C<\/h2><\/div>\n\n\n\n<div class=\"wp-block-stackable-columns stk-block-columns stk-block stk-7c838f2\" data-block-id=\"7c838f2\"><style>.stk-7c838f2-column{--stk-column-gap:32px !important}<\/style><div class=\"stk-row stk-inner-blocks stk-block-content stk-content-align stk-7c838f2-column\">\n<div class=\"wp-block-stackable-column stk-block-column stk-block-column--v3 stk-column stk-block-column--v2 stk-block stk-61be519\" data-block-id=\"61be519\"><style>.stk-61be519-container{margin-top:0px !important;margin-right:0px !important;margin-bottom:0px !important;margin-left:0px !important}<\/style><div class=\"stk-column-wrapper stk-block-column__content stk-container stk-61be519-container stk--no-background stk--no-padding\"><div class=\"stk-block-content stk-inner-blocks stk-61be519-inner-blocks\">\n<div class=\"wp-block-stackable-card stk-block-card stk-block stk-17ea2aa is-style-default\" data-block-id=\"17ea2aa\"><style>.stk-17ea2aa .stk-block-card__image{height:174px !important}<\/style><div class=\"stk--no-padding stk-container stk-17ea2aa-container stk-hover-parent\"><figure class=\"stk-block-card__image stk-img-wrapper stk-image--shape-stretch\"><img decoding=\"async\" loading=\"lazy\" class=\"stk-img wp-image-191\" src=\"https:\/\/itclass.tdtu.edu.vn\/khmt2021tc01\/wp-content\/uploads\/sites\/3\/2023\/04\/342393543_781501839838855_922029874544531804_n.jpg\" width=\"2048\" height=\"1155\" srcset=\"https:\/\/itclass.tdtu.edu.vn\/khmt2021tc01\/wp-content\/uploads\/sites\/3\/2023\/04\/342393543_781501839838855_922029874544531804_n.jpg 2048w, https:\/\/itclass.tdtu.edu.vn\/khmt2021tc01\/wp-content\/uploads\/sites\/3\/2023\/04\/342393543_781501839838855_922029874544531804_n-300x169.jpg 300w, https:\/\/itclass.tdtu.edu.vn\/khmt2021tc01\/wp-content\/uploads\/sites\/3\/2023\/04\/342393543_781501839838855_922029874544531804_n-1024x578.jpg 1024w, https:\/\/itclass.tdtu.edu.vn\/khmt2021tc01\/wp-content\/uploads\/sites\/3\/2023\/04\/342393543_781501839838855_922029874544531804_n-768x433.jpg 768w, https:\/\/itclass.tdtu.edu.vn\/khmt2021tc01\/wp-content\/uploads\/sites\/3\/2023\/04\/342393543_781501839838855_922029874544531804_n-1536x866.jpg 1536w, https:\/\/itclass.tdtu.edu.vn\/khmt2021tc01\/wp-content\/uploads\/sites\/3\/2023\/04\/342393543_781501839838855_922029874544531804_n-2000x1128.jpg 2000w\" sizes=\"(max-width: 2048px) 100vw, 2048px\" \/><\/figure><div class=\"stk-container-padding stk-block-card__content\"><div class=\"stk-block-content stk-inner-blocks\">\n<h2><strong>\u0110\u0102NG K\u00cd THAM GIA GI\u1ea2I B\u00d3NG \u0110\u00c1 KHOA C\u00d4NG NGH\u1ec6 TH\u00d4NG TIN N\u0102M 2023<\/strong><\/h2>\n\n\n\n<div class=\"wp-block-stackable-divider stk-block-divider stk-block stk-19bfadd\" data-block-id=\"19bfadd\"><style>.stk-19bfadd{margin-bottom:3px !important}<\/style><hr class=\"stk-block-divider__hr\" \/><\/div>\n\n\n\n<p> Th\u00f4ng tin chi ti\u1ebft xem t\u1ea1i : <a href=\"https:\/\/www.facebook.com\/photo?fbid=567929018765832&amp;set=a.404727618419307\">https:\/\/www.facebook.com\/photo?fbid=567929018765832&amp;set=a.404727618419307<\/a><\/p>\n<\/div><\/div><\/div><\/div>\n<\/div><\/div><\/div>\n\n\n\n<div class=\"wp-block-stackable-column stk-block-column stk-block-column--v3 stk-column stk-block-column--v2 stk-block stk-0097d8b\" data-block-id=\"0097d8b\"><style>.stk-0097d8b-container{margin-top:0px !important;margin-right:0px !important;margin-bottom:0px !important;margin-left:0px !important}<\/style><div class=\"stk-column-wrapper stk-block-column__content stk-container stk-0097d8b-container stk--no-background stk--no-padding\"><div class=\"stk-block-content stk-inner-blocks stk-0097d8b-inner-blocks\">\n<div class=\"wp-block-stackable-card stk-block-card stk-block stk-bea2667 is-style-default\" data-block-id=\"bea2667\"><style>.stk-bea2667 .stk-block-card__image{height:167px !important}<\/style><div class=\"stk--no-padding stk-container stk-bea2667-container stk-hover-parent\"><figure class=\"stk-block-card__image stk-img-wrapper stk-image--shape-stretch\"><img decoding=\"async\" loading=\"lazy\" class=\"stk-img wp-image-193\" src=\"https:\/\/itclass.tdtu.edu.vn\/khmt2021tc01\/wp-content\/uploads\/sites\/3\/2023\/04\/Screenshot-2023-04-24-141319.png\" width=\"615\" height=\"348\" srcset=\"https:\/\/itclass.tdtu.edu.vn\/khmt2021tc01\/wp-content\/uploads\/sites\/3\/2023\/04\/Screenshot-2023-04-24-141319.png 615w, https:\/\/itclass.tdtu.edu.vn\/khmt2021tc01\/wp-content\/uploads\/sites\/3\/2023\/04\/Screenshot-2023-04-24-141319-300x170.png 300w\" sizes=\"(max-width: 615px) 100vw, 615px\" \/><\/figure><div class=\"stk-container-padding stk-block-card__content\"><div class=\"stk-block-content stk-inner-blocks\">\n<h2><strong>\u0110\u0102NG K\u00cd THAM GIA NG\u00c0Y CH\u1ee6 NH\u1eacT XANH TH\u00c1NG 04\/2023<\/strong><\/h2>\n\n\n\n<div class=\"wp-block-stackable-divider stk-block-divider stk-block stk-67d6245\" data-block-id=\"67d6245\"><style>.stk-67d6245{margin-bottom:12px !important}<\/style><hr class=\"stk-block-divider__hr\" \/><\/div>\n\n\n\n<div class=\"wp-block-stackable-testimonial stk-block-testimonial stk-block stk-cabe6e3 is-style-compact\" data-block-id=\"cabe6e3\"><div class=\"stk-block-testimonial__content stk-content-align stk-cabe6e3-column stk-container stk-cabe6e3-container stk--no-background stk--no-padding\"><div class=\"stk-block-content stk-inner-blocks\">\n<div class=\"wp-block-stackable-text stk-block-text stk-block stk-99a6602\" data-block-id=\"99a6602\"><style>.stk-99a6602{margin-bottom:0px !important}<\/style><p class=\"stk-block-text__text\">Th\u00f4ng tin chi ti\u1ebft xem t\u1ea1i : <a href=\"https:\/\/www.facebook.com\/photo?fbid=566912122200855&amp;set=a.404727618419307\">https:\/\/www.facebook.com\/photo?fbid=566912122200855&amp;set=a.404727618419307<\/a><\/p><\/div>\n<\/div><\/div><\/div>\n<\/div><\/div><\/div><\/div>\n<\/div><\/div><\/div>\n\n\n\n<div class=\"wp-block-stackable-column stk-block-column stk-block-column--v3 stk-column stk-block-column--v2 stk-block stk-5d3fcc9\" data-block-id=\"5d3fcc9\"><style>.stk-5d3fcc9-container{margin-top:0px !important;margin-right:0px !important;margin-bottom:0px !important;margin-left:0px !important}<\/style><div class=\"stk-column-wrapper stk-block-column__content stk-container stk-5d3fcc9-container stk--no-background stk--no-padding\"><div class=\"stk-block-content stk-inner-blocks stk-5d3fcc9-inner-blocks\">\n<div class=\"wp-block-stackable-card stk-block-card stk-block stk-1e01e8f is-style-default\" data-block-id=\"1e01e8f\"><style>.stk-1e01e8f .stk-block-card__image{height:215px !important}<\/style><div class=\"stk--no-padding stk-container stk-1e01e8f-container stk-hover-parent\"><figure class=\"stk-block-card__image stk-img-wrapper stk-image--shape-stretch\"><img decoding=\"async\" loading=\"lazy\" class=\"stk-img wp-image-194\" src=\"https:\/\/itclass.tdtu.edu.vn\/khmt2021tc01\/wp-content\/uploads\/sites\/3\/2023\/04\/Screenshot-2023-04-24-141413.png\" width=\"623\" height=\"436\" srcset=\"https:\/\/itclass.tdtu.edu.vn\/khmt2021tc01\/wp-content\/uploads\/sites\/3\/2023\/04\/Screenshot-2023-04-24-141413.png 623w, https:\/\/itclass.tdtu.edu.vn\/khmt2021tc01\/wp-content\/uploads\/sites\/3\/2023\/04\/Screenshot-2023-04-24-141413-300x210.png 300w\" sizes=\"(max-width: 623px) 100vw, 623px\" \/><\/figure><div class=\"stk-container-padding stk-block-card__content\"><div class=\"stk-block-content stk-inner-blocks\">\n<h2><strong>\u0110\u0102NG K\u00cd THAM D\u1ef0 L\u1ec4 T\u1ed0T NGHI\u1ec6P NG\u00c0Y 18 &#8211; 05 &#8211; 2023<\/strong><\/h2>\n\n\n\n<div class=\"wp-block-stackable-divider stk-block-divider stk-block stk-cc7d782\" data-block-id=\"cc7d782\"><hr class=\"stk-block-divider__hr\" \/><\/div>\n\n\n\n<div class=\"wp-block-stackable-testimonial stk-block-testimonial stk-block stk-0c1dd9e is-style-compact\" data-block-id=\"0c1dd9e\"><div class=\"stk-block-testimonial__content stk-content-align stk-0c1dd9e-column stk-container stk-0c1dd9e-container stk--no-background stk--no-padding\"><div class=\"stk-block-content stk-inner-blocks\">\n<div class=\"wp-block-stackable-text stk-block-text stk-block stk-c05b386\" data-block-id=\"c05b386\"><p class=\"stk-block-text__text\">Th\u00f4ng tin chi ti\u1ebft xem t\u1ea1i: <a href=\"https:\/\/www.facebook.com\/photo?fbid=566467262245341&amp;set=a.404727611752641\" target=\"_blank\" rel=\"noreferrer noopener\">https:\/\/www.facebook.com\/photo?fbid=566467262245341&amp;set=a.404727611752641<\/a><\/p><\/div>\n<\/div><\/div><\/div>\n<\/div><\/div><\/div><\/div>\n<\/div><\/div><\/div>\n<\/div><\/div>\n<\/div><\/div><\/div>\n<\/div><\/div>\n","protected":false},"excerpt":{"rendered":"<p>TH\u00d4NG B\u00c1O N\u1ed4I B\u1eacT TH\u00d4NG B\u00c1O V\/V \u0110\u0102NG K\u00dd M\u00d4N H\u1eccC TRONG HK1\/2023-2024 D\u00c0NH CHO SINH VI\u00caN C\u00c1C L\u1edaP TI\u00caU CHU\u1ea8N, CH\u1ea4T L\u01af\u1ee2NG CAO, \u0110\u1ea0I H\u1eccC B\u1eb0NG TI\u1ebeNG ANH T\u1eea KH\u00d3A TUY\u1ec2N SINH 2022 TR\u1ede V\u1ec0 TR\u01af\u1edaC Th\u1eddi gian \u0111\u0103ng k\u00ed m\u00f4n h\u1ecdc: \u0110\u1ee3t 1: d\u00e0nh cho kh\u00f3a 26\u0110H (24\/4 \u0111\u1ebfn 26\/4\/2023) \u0110\u1ee3t 2: d\u00e0nh &hellip; <\/p>\n<p class=\"link-more\"><a href=\"https:\/\/itclass.tdtu.edu.vn\/khmt2021tc01\/tin-tuc\/\" class=\"more-link\">Read more<span class=\"screen-reader-text\"> &#8220;Th\u00f4ng b\u00e1o&#8221;<\/span><\/a><\/p>\n","protected":false},"author":3,"featured_media":0,"parent":0,"menu_order":0,"comment_status":"closed","ping_status":"closed","template":"","meta":{"content-type":""},"featured_image_urls":{"full":"","thumbnail":"","medium":"","medium_large":"","large":"","1536x1536":"","2048x2048":"","inspiro-featured-image":"","inspiro-loop":"","inspiro-loop@2x":""},"post_excerpt_stackable":"<p>TH\u00d4NG B\u00c1O N\u1ed4I B\u1eacT TH\u00d4NG B\u00c1O V\/V \u0110\u0102NG K\u00dd M\u00d4N H\u1eccC TRONG HK1\/2023-2024 D\u00c0NH CHO SINH VI\u00caN C\u00c1C L\u1edaP TI\u00caU CHU\u1ea8N, CH\u1ea4T L\u01af\u1ee2NG CAO, \u0110\u1ea0I H\u1eccC B\u1eb0NG TI\u1ebeNG ANH T\u1eea KH\u00d3A TUY\u1ec2N SINH 2022 TR\u1ede V\u1ec0 TR\u01af\u1edaC Th\u1eddi gian \u0111\u0103ng k\u00ed m\u00f4n h\u1ecdc: \u0110\u1ee3t 1: d\u00e0nh cho kh\u00f3a 26\u0110H (24\/4 \u0111\u1ebfn 26\/4\/2023) \u0110\u1ee3t 2: d\u00e0nh cho kh\u00f3a 25\u0110H (25\/4 \u0111\u1ebfn 27\/4\/2023) \u0110\u1ee3t 3: d\u00e0nh cho kh\u00f3a 24\u0110H (26\/4 \u0111\u1ebfn 28\/4\/2023) \u0110\u1ee3t 4: SV ti\u00eau chu\u1ea9n, ch\u1ea5t l\u01b0\u1ee3ng cao c\u00e1c kh\u00f3a tuy\u1ec3n sinh t\u1eeb n\u0103m 2019 tr\u1edf v\u1ec1 tr\u01b0\u1edbc v\u00e0 sinh vi\u00ean \u0111\u1ea1i h\u1ecdc b\u1eb1ng ti\u1ebfng Anh kh\u00f3a tuy\u1ec3n sinh n\u0103m&hellip;<\/p>\n","category_list":"","author_info":{"name":"Nguy\u1ec5n Anh Kh\u00f4i","url":"https:\/\/itclass.tdtu.edu.vn\/khmt2021tc01\/author\/khmt2021tc01\/"},"comments_num":"0 comments","_links":{"self":[{"href":"https:\/\/itclass.tdtu.edu.vn\/khmt2021tc01\/wp-json\/wp\/v2\/pages\/161"}],"collection":[{"href":"https:\/\/itclass.tdtu.edu.vn\/khmt2021tc01\/wp-json\/wp\/v2\/pages"}],"about":[{"href":"https:\/\/itclass.tdtu.edu.vn\/khmt2021tc01\/wp-json\/wp\/v2\/types\/page"}],"author":[{"embeddable":true,"href":"https:\/\/itclass.tdtu.edu.vn\/khmt2021tc01\/wp-json\/wp\/v2\/users\/3"}],"replies":[{"embeddable":true,"href":"https:\/\/itclass.tdtu.edu.vn\/khmt2021tc01\/wp-json\/wp\/v2\/comments?post=161"}],"version-history":[{"count":8,"href":"https:\/\/itclass.tdtu.edu.vn\/khmt2021tc01\/wp-json\/wp\/v2\/pages\/161\/revisions"}],"predecessor-version":[{"id":214,"href":"https:\/\/itclass.tdtu.edu.vn\/khmt2021tc01\/wp-json\/wp\/v2\/pages\/161\/revisions\/214"}],"wp:attachment":[{"href":"https:\/\/itclass.tdtu.edu.vn\/khmt2021tc01\/wp-json\/wp\/v2\/media?parent=161"}],"curies":[{"name":"wp","href":"https:\/\/api.w.org\/{rel}","templated":true}]}}