{"id":34,"date":"2023-04-22T18:20:39","date_gmt":"2023-04-22T18:20:39","guid":{"rendered":"https:\/\/itclass.tdtu.edu.vn\/ktpm2021clc01\/?page_id=34"},"modified":"2023-04-24T07:15:09","modified_gmt":"2023-04-24T07:15:09","slug":"gioi-thieu","status":"publish","type":"page","link":"https:\/\/itclass.tdtu.edu.vn\/ktpm2021clc01\/gioi-thieu\/","title":{"rendered":"Gi\u1edbi thi\u1ec7u"},"content":{"rendered":"\t\t<div data-elementor-type=\"wp-page\" data-elementor-id=\"34\" class=\"elementor elementor-34\">\n\t\t\t\t\t\t\t\t\t<section class=\"elementor-section elementor-top-section elementor-element elementor-element-058d012 elementor-section-boxed elementor-section-height-default elementor-section-height-default\" data-id=\"058d012\" data-element_type=\"section\">\n\t\t\t\t\t\t<div class=\"elementor-container elementor-column-gap-default\">\n\t\t\t\t\t<div class=\"elementor-column elementor-col-100 elementor-top-column elementor-element elementor-element-f63b374\" data-id=\"f63b374\" data-element_type=\"column\">\n\t\t\t<div class=\"elementor-widget-wrap elementor-element-populated\">\n\t\t\t\t\t\t\t\t<div class=\"elementor-element elementor-element-e1d4fad elementor-widget elementor-widget-text-editor\" data-id=\"e1d4fad\" data-element_type=\"widget\" data-widget_type=\"text-editor.default\">\n\t\t\t\t<div class=\"elementor-widget-container\">\n\t\t\t<style>\/*! elementor - v3.11.5 - 14-03-2023 *\/\n.elementor-widget-text-editor.elementor-drop-cap-view-stacked .elementor-drop-cap{background-color:#818a91;color:#fff}.elementor-widget-text-editor.elementor-drop-cap-view-framed .elementor-drop-cap{color:#818a91;border:3px solid;background-color:transparent}.elementor-widget-text-editor:not(.elementor-drop-cap-view-default) .elementor-drop-cap{margin-top:8px}.elementor-widget-text-editor:not(.elementor-drop-cap-view-default) .elementor-drop-cap-letter{width:1em;height:1em}.elementor-widget-text-editor .elementor-drop-cap{float:left;text-align:center;line-height:1;font-size:50px}.elementor-widget-text-editor .elementor-drop-cap-letter{display:inline-block}<\/style>\t\t\t\t<p><span style=\"font-family: 'book antiqua', palatino\">M\u00e3 l\u1edbp: 21H50201<\/span><\/p><p><span style=\"font-family: 'book antiqua', palatino\">Chuy\u00ean ng\u00e0nh: K\u1ef9 thu\u1eadt ph\u1ea7n m\u1ec1m<\/span><\/p><p><span style=\"font-family: 'book antiqua', palatino\">Gi\u1ea3ng vi\u00ean ch\u1ee7 nhi\u1ec7m: Th\u1ea7y V\u0169 \u0110\u00ecnh H\u1ed3ng &#8211; Gi\u1ea3ng vi\u00ean Khoa C\u00f4ng ngh\u1ec7 th\u00f4ng tin<\/span><\/p><p><span style=\"font-family: 'book antiqua', palatino\">Ban c\u00e1n s\u1ef1<\/span><\/p><ul><li><span style=\"font-family: 'book antiqua', palatino\">Nguy\u1ec5n Minh K\u1ef3 &#8211; L\u1edbp tr\u01b0\u1edfng<\/span><\/li><li><span style=\"font-family: 'book antiqua', palatino\">Nguy\u1ec5n H\u1ea3i B\u1eb1ng\u00a0<\/span><\/li><li><span style=\"font-family: 'book antiqua', palatino\">Nguy\u1ec5n Ti\u1ebfn \u0110i\u1ec7p<\/span><\/li><li><span style=\"font-family: 'book antiqua', palatino\">Ph\u1ea1m Qu\u1ef3nh Nh\u01b0<\/span><\/li><\/ul><p><span style=\"font-family: 'book antiqua', palatino\">Ban Ch\u1ea5p h\u00e0nh:<\/span><\/p><ul><li><span style=\"font-family: 'book antiqua', palatino\">Ng\u00f4 C\u00f4ng Ch\u00ednh &#8211; B\u00ed th\u01b0<\/span><\/li><li><span style=\"font-family: 'book antiqua', palatino\">\u0110\u1ed7 L\u00ea Minh Hi\u1ebfu &#8211; Ph\u00f3 B\u00ed th\u01b0<\/span><\/li><li><span style=\"font-family: 'book antiqua', palatino\">\u0110inh Ph\u1ea1m Anh Tu\u1ea5n &#8211; Chi h\u1ed9i Tr\u01b0\u1edfng<\/span><\/li><li><span style=\"font-family: 'book antiqua', palatino\">L\u00ea Minh Anh &#8211; Chi h\u1ed9i Ph\u00f3<\/span><\/li><li><span style=\"font-family: 'book antiqua', palatino\">Nguy\u1ec5n L\u00ea D\u00e2n &#8211; U\u1ef7 vi\u00ean Ban Ch\u1ea5p h\u00e0nh<\/span><\/li><\/ul>\t\t\t\t\t\t<\/div>\n\t\t\t\t<\/div>\n\t\t\t\t\t<\/div>\n\t\t<\/div>\n\t\t\t\t\t\t\t<\/div>\n\t\t<\/section>\n\t\t\t\t<section class=\"elementor-section elementor-top-section elementor-element elementor-element-30d3dbb elementor-section-boxed elementor-section-height-default elementor-section-height-default\" data-id=\"30d3dbb\" data-element_type=\"section\">\n\t\t\t\t\t\t<div class=\"elementor-container elementor-column-gap-default\">\n\t\t\t\t\t<div class=\"elementor-column elementor-col-100 elementor-top-column elementor-element elementor-element-55ff12f\" data-id=\"55ff12f\" data-element_type=\"column\">\n\t\t\t<div class=\"elementor-widget-wrap elementor-element-populated\">\n\t\t\t\t\t\t\t\t<div class=\"elementor-element elementor-element-8928018 elementor-widget elementor-widget-wpzoom-elementor-addons-directors\" data-id=\"8928018\" data-element_type=\"widget\" data-widget_type=\"wpzoom-elementor-addons-directors.default\">\n\t\t\t\t<div class=\"elementor-widget-container\">\n\t\t\t\t<div id=\"wpz-directors\" class=\"wpz-directors-wrapper wpz-default-directors\" data-active-onhover=\"true\" data-active-onhover-options=\"{&quot;triggers&quot;:&quot;.wpz-directors-nav li&quot;,&quot;targets&quot;:&quot;.wpz-directors-nav li&quot;}\">\n\t\t\n\n\t\t<nav class=\"wpz-directors-nav\">\n\t\t\t<ul>\n\t\t\t\t\t\t\t\t\t\t\t\t\t\t\t\t\t<li class=\"wpz-director-nav-item\">\n\t\t\t\t\t\t\t\t\t\t\t\t\t\t\t\t\t\t\t\t\t\t\t\t\t\t\t\t<div class=\"wpz-director-bg\" data-responsive-bg=\"true\">\n\t\t\t\t\t\t\t\t\t<figure class=\"hidden\">\n\t\t\t\t\t\t\t\t\t\t<img decoding=\"async\" class=\"wpz-directors-img\" src=\"https:\/\/itclass.tdtu.edu.vn\/ktpm2021clc01\/wp-content\/plugins\/elementor\/assets\/images\/placeholder.png\" alt=\"M\u00e3 l\u1edbp: 21H50201\">\n\t\t\t\t\t\t\t\t\t<\/figure>\n\t\t\t\t\t\t\t\t<\/div>\n\t\t\t\t\t\t\t\t\t\t\t\t\t\t\t\t\t\t\t\t\t\t\t\t\t\t\t<span>M\u00e3 l\u1edbp: 21H50201<\/span>\n\t\t\t\t\t\t\t\t\t\t\t\t<hr\/>\n\t\t\t\t\t<\/li>\n\t\t\t\t\t\t\t\t\t\t\t\t\t\t\t\t\t\t\t\t\t<li class=\"wpz-director-nav-item\">\n\t\t\t\t\t\t\t\t\t\t\t\t\t\t\t\t\t\t\t\t\t\t\t\t\t\t\t\t<div class=\"wpz-director-bg\" data-responsive-bg=\"true\">\n\t\t\t\t\t\t\t\t\t<figure class=\"hidden\">\n\t\t\t\t\t\t\t\t\t\t<img decoding=\"async\" class=\"wpz-directors-img\" src=\"https:\/\/itclass.tdtu.edu.vn\/ktpm2021clc01\/wp-content\/plugins\/elementor\/assets\/images\/placeholder.png\" alt=\"Chuy\u00ean ng\u00e0nh: K\u1ef9 thu\u1eadt ph\u1ea7n m\u1ec1m\">\n\t\t\t\t\t\t\t\t\t<\/figure>\n\t\t\t\t\t\t\t\t<\/div>\n\t\t\t\t\t\t\t\t\t\t\t\t\t\t\t\t\t\t\t\t\t\t\t\t\t\t\t<span>Chuy\u00ean ng\u00e0nh: K\u1ef9 thu\u1eadt ph\u1ea7n m\u1ec1m<\/span>\n\t\t\t\t\t\t\t\t\t\t\t\t<hr\/>\n\t\t\t\t\t<\/li>\n\t\t\t\t\t\t\t\t\t\t\t\t\t\t\t\t\t\t\t\t\t<li class=\"wpz-director-nav-item\">\n\t\t\t\t\t\t\t\t\t\t\t\t\t\t\t\t\t\t\t\t\t\t\t\t\t\t\t\t<div class=\"wpz-director-bg\" data-responsive-bg=\"true\">\n\t\t\t\t\t\t\t\t\t<figure class=\"hidden\">\n\t\t\t\t\t\t\t\t\t\t<img decoding=\"async\" class=\"wpz-directors-img\" src=\"https:\/\/itclass.tdtu.edu.vn\/ktpm2021clc01\/wp-content\/plugins\/elementor\/assets\/images\/placeholder.png\" alt=\"Gi\u1ea3ng vi\u00ean ch\u1ee7 nhi\u1ec7m: ThS V\u0169 \u0110\u00ecnh H\u1ed3ng\">\n\t\t\t\t\t\t\t\t\t<\/figure>\n\t\t\t\t\t\t\t\t<\/div>\n\t\t\t\t\t\t\t\t\t\t\t\t\t\t\t\t\t\t\t\t\t\t\t\t\t\t\t<span>Gi\u1ea3ng vi\u00ean ch\u1ee7 nhi\u1ec7m: ThS V\u0169 \u0110\u00ecnh H\u1ed3ng<\/span>\n\t\t\t\t\t\t\t\t\t\t\t\t<hr\/>\n\t\t\t\t\t<\/li>\n\t\t\t\t\t\t\t\t\t\t\t\t\t\t\t\t\t\t\t\t\t<li class=\"wpz-director-nav-item\">\n\t\t\t\t\t\t\t\t\t\t\t\t\t\t\t\t\t\t\t\t\t\t\t\t\t\t\t\t<div class=\"wpz-director-bg\" data-responsive-bg=\"true\">\n\t\t\t\t\t\t\t\t\t<figure class=\"hidden\">\n\t\t\t\t\t\t\t\t\t\t<img decoding=\"async\" class=\"wpz-directors-img\" src=\"https:\/\/itclass.tdtu.edu.vn\/ktpm2021clc01\/wp-content\/plugins\/elementor\/assets\/images\/placeholder.png\" alt=\"Ban c\u00e1n s\u1ef1\">\n\t\t\t\t\t\t\t\t\t<\/figure>\n\t\t\t\t\t\t\t\t<\/div>\n\t\t\t\t\t\t\t\t\t\t\t\t\t\t\t\t\t\t\t\t\t\t\t\t\t\t\t<span>Ban c\u00e1n s\u1ef1<\/span>\n\t\t\t\t\t\t\t\t\t\t\t\t<hr\/>\n\t\t\t\t\t<\/li>\n\t\t\t\t\t\t\t\t\t\t\t\t\t\t\t\t\t\t\t\t\t<li class=\"wpz-director-nav-item\">\n\t\t\t\t\t\t\t\t\t\t\t\t\t\t\t\t\t\t\t\t\t\t\t\t\t\t\t\t<div class=\"wpz-director-bg\" data-responsive-bg=\"true\">\n\t\t\t\t\t\t\t\t\t<figure class=\"hidden\">\n\t\t\t\t\t\t\t\t\t\t<img decoding=\"async\" class=\"wpz-directors-img\" src=\"https:\/\/itclass.tdtu.edu.vn\/ktpm2021clc01\/wp-content\/plugins\/elementor\/assets\/images\/placeholder.png\" alt=\"Ban Ch\u1ea5p h\u00e0nh\">\n\t\t\t\t\t\t\t\t\t<\/figure>\n\t\t\t\t\t\t\t\t<\/div>\n\t\t\t\t\t\t\t\t\t\t\t\t\t\t\t\t\t\t\t\t\t\t\t\t\t\t\t<span>Ban Ch\u1ea5p h\u00e0nh<\/span>\n\t\t\t\t\t\t\t\t\t\t\t\t<hr\/>\n\t\t\t\t\t<\/li>\n\t\t\t\t\t\t\t\t\t\t<\/ul>\n\t\t<\/nav>\n\n\n\t<\/div><!--\/\/.wpz-directors-wrapper-->\n\n\t\t<\/div>\n\t\t\t\t<\/div>\n\t\t\t\t\t<\/div>\n\t\t<\/div>\n\t\t\t\t\t\t\t<\/div>\n\t\t<\/section>\n\t\t\t\t\t\t\t<\/div>\n\t\t","protected":false},"excerpt":{"rendered":"<p>M\u00e3 l\u1edbp: 21H50201 Chuy\u00ean ng\u00e0nh: K\u1ef9 thu\u1eadt ph\u1ea7n m\u1ec1m Gi\u1ea3ng vi\u00ean ch\u1ee7 nhi\u1ec7m: Th\u1ea7y V\u0169 \u0110\u00ecnh H\u1ed3ng &#8211; Gi\u1ea3ng vi\u00ean Khoa C\u00f4ng ngh\u1ec7 th\u00f4ng tin Ban c\u00e1n s\u1ef1 Nguy\u1ec5n Minh K\u1ef3 &#8211; L\u1edbp tr\u01b0\u1edfng Nguy\u1ec5n H\u1ea3i B\u1eb1ng\u00a0 Nguy\u1ec5n Ti\u1ebfn \u0110i\u1ec7p Ph\u1ea1m Qu\u1ef3nh Nh\u01b0 Ban Ch\u1ea5p h\u00e0nh: Ng\u00f4 C\u00f4ng Ch\u00ednh &#8211; B\u00ed th\u01b0 \u0110\u1ed7 L\u00ea Minh &hellip; <\/p>\n<p class=\"link-more\"><a href=\"https:\/\/itclass.tdtu.edu.vn\/ktpm2021clc01\/gioi-thieu\/\" class=\"more-link\">Read more<span class=\"screen-reader-text\"> &#8220;Gi\u1edbi thi\u1ec7u&#8221;<\/span><\/a><\/p>\n","protected":false},"author":5,"featured_media":0,"parent":0,"menu_order":0,"comment_status":"closed","ping_status":"closed","template":"","meta":{"content-type":""},"featured_image_urls":{"full":"","thumbnail":"","medium":"","medium_large":"","large":"","1536x1536":"","2048x2048":"","inspiro-featured-image":"","inspiro-loop":"","inspiro-loop@2x":""},"post_excerpt_stackable":"<p>M\u00e3 l\u1edbp: 21H50201Chuy\u00ean ng\u00e0nh: K\u1ef9 thu\u1eadt ph\u1ea7n m\u1ec1mGi\u1ea3ng vi\u00ean ch\u1ee7 nhi\u1ec7m: Th\u1ea7y V\u0169 \u0110\u00ecnh H\u1ed3ng &#8211; Gi\u1ea3ng vi\u00ean Khoa C\u00f4ng ngh\u1ec7 th\u00f4ng tinBan c\u00e1n s\u1ef1Nguy\u1ec5n Minh K\u1ef3 &#8211; L\u1edbp tr\u01b0\u1edfngNguy\u1ec5n H\u1ea3i B\u1eb1ng\u00a0Nguy\u1ec5n Ti\u1ebfn \u0110i\u1ec7pPh\u1ea1m Qu\u1ef3nh Nh\u01b0Ban Ch\u1ea5p h\u00e0nh:Ng\u00f4 C\u00f4ng Ch\u00ednh &#8211; B\u00ed th\u01b0\u0110\u1ed7 L\u00ea Minh Hi\u1ebfu &#8211; Ph\u00f3 B\u00ed th\u01b0\u0110inh Ph\u1ea1m Anh Tu\u1ea5n &#8211; Chi h\u1ed9i Tr\u01b0\u1edfngL\u00ea Minh Anh &#8211; Chi h\u1ed9i Ph\u00f3Nguy\u1ec5n L\u00ea D\u00e2n &#8211; U\u1ef7 vi\u00ean Ban Ch\u1ea5p h\u00e0nh M\u00e3 l\u1edbp: 21H50201 Chuy\u00ean ng\u00e0nh: K\u1ef9 thu\u1eadt ph\u1ea7n m\u1ec1m Gi\u1ea3ng vi\u00ean ch\u1ee7 nhi\u1ec7m: ThS V\u0169 \u0110\u00ecnh H\u1ed3ng Ban c\u00e1n s\u1ef1 Ban Ch\u1ea5p h\u00e0nh<\/p>\n","category_list":"","author_info":{"name":"Nguy\u1ec5n Minh K\u1ef3","url":"https:\/\/itclass.tdtu.edu.vn\/ktpm2021clc01\/author\/ktpm2021clc01\/"},"comments_num":"0 comments","_links":{"self":[{"href":"https:\/\/itclass.tdtu.edu.vn\/ktpm2021clc01\/wp-json\/wp\/v2\/pages\/34"}],"collection":[{"href":"https:\/\/itclass.tdtu.edu.vn\/ktpm2021clc01\/wp-json\/wp\/v2\/pages"}],"about":[{"href":"https:\/\/itclass.tdtu.edu.vn\/ktpm2021clc01\/wp-json\/wp\/v2\/types\/page"}],"author":[{"embeddable":true,"href":"https:\/\/itclass.tdtu.edu.vn\/ktpm2021clc01\/wp-json\/wp\/v2\/users\/5"}],"replies":[{"embeddable":true,"href":"https:\/\/itclass.tdtu.edu.vn\/ktpm2021clc01\/wp-json\/wp\/v2\/comments?post=34"}],"version-history":[{"count":13,"href":"https:\/\/itclass.tdtu.edu.vn\/ktpm2021clc01\/wp-json\/wp\/v2\/pages\/34\/revisions"}],"predecessor-version":[{"id":84,"href":"https:\/\/itclass.tdtu.edu.vn\/ktpm2021clc01\/wp-json\/wp\/v2\/pages\/34\/revisions\/84"}],"wp:attachment":[{"href":"https:\/\/itclass.tdtu.edu.vn\/ktpm2021clc01\/wp-json\/wp\/v2\/media?parent=34"}],"curies":[{"name":"wp","href":"https:\/\/api.w.org\/{rel}","templated":true}]}}