{"id":6,"date":"2023-04-20T04:12:02","date_gmt":"2023-04-20T04:12:02","guid":{"rendered":"https:\/\/itclass.tdtu.edu.vn\/ktpm2021tc01\/community\/"},"modified":"2023-04-23T15:21:21","modified_gmt":"2023-04-23T15:21:21","slug":"community","status":"publish","type":"page","link":"https:\/\/itclass.tdtu.edu.vn\/ktpm2021tc01\/community\/","title":{"rendered":"Quy \u0111\u1ecbnh\/ Quy ch\u1ebf"},"content":{"rendered":"\n<p>K\u1ef7 lu\u1eadt &#8211; L\u1ec5 ph\u00e9p &#8211; Chuy\u00ean nghi\u1ec7p &#8211; S\u00e1ng t\u1ea1o &#8211; Ph\u1ee5ng s\u1ef1<\/p>\n\n\n\n<p><a rel=\"noreferrer noopener\" href=\"https:\/\/quychehocvu.tdtu.edu.vn\/QuyChe\/Detail\/60\" target=\"_blank\">SLOGAN; MASCOT; \u0110\u1eb6C \u0110I\u1ec2M NH\u1eacN DI\u1ec6N C\u1ee6A GI\u1ea2NG VI\u00caN, VI\u00caN CH\u1ee8C, SINH <\/a>V<a rel=\"noreferrer noopener\" href=\"https:\/\/quychehocvu.tdtu.edu.vn\/QuyChe\/Detail\/60\" target=\"_blank\">I\u00caN TDTU<\/a><\/p>\n\n\n\n<p><a rel=\"noreferrer noopener\" href=\"https:\/\/quychehocvu.tdtu.edu.vn\/QuyChe\/Detail\/62\" target=\"_blank\">NHI\u1ec6M V\u1ee4 TH\u1ef0C HI\u1ec6N 3 N\u1ed8I DUNG \u0110\u1ea0O \u0110\u1ee8C<\/a><\/p>\n\n\n\n<p><a rel=\"noreferrer noopener\" href=\"https:\/\/quychehocvu.tdtu.edu.vn\/QuyChe\/Detail\/76\" target=\"_blank\">QUY CH\u1ebe QU\u1ea2N L\u00dd NG\u01af\u1edcI H\u1eccC TR\u00ccNH \u0110\u1ed8 TH\u1ea0C S\u0128, TI\u1ebeN S\u0128<\/a><\/p>\n\n\n\n<p><a rel=\"noreferrer noopener\" href=\"https:\/\/quychehocvu.tdtu.edu.vn\/QuyChe\/Detail\/77\" target=\"_blank\">PH\u1ee4 L\u1ee4C M\u1ed8T S\u1ed0 N\u1ed8I DUNG VI PH\u1ea0M V\u00c0 H\u00ccNH TH\u1ee8C X\u1eec L\u00dd NG\u01af\u1edcI H\u1eccC TR\u00ccNH \u0110\u1ed8 TH\u1ea0C S\u0128, TI\u1ebeN S\u0128<\/a><\/p>\n\n\n\n<p><a rel=\"noreferrer noopener\" href=\"https:\/\/quychehocvu.tdtu.edu.vn\/QuyChe\/Detail\/86\" target=\"_blank\">H\u01af\u1edaNG D\u1eaaN H\u1eccC B\u1ed4NG, KHEN TH\u01af\u1edeNG V\u00c0 H\u1ed6 TR\u1ee2 SINH VI\u00caN N\u0102M H\u1eccC 2022 &#8211; 2023<\/a><\/p>\n\n\n\n<p><a rel=\"noreferrer noopener\" href=\"https:\/\/quychehocvu.tdtu.edu.vn\/QuyChe\/Detail\/88\" target=\"_blank\">\u0110I\u1ec0U KI\u1ec6N V\u1ec0 VI\u1ec6C C\u1ea4P TH\u01af KHEN H\u1eccC T\u1eacP &#8211; R\u00c8N LUY\u1ec6N CHO SINH VI\u00caN<\/a><\/p>\n\n\n\n<p><a rel=\"noreferrer noopener\" href=\"https:\/\/quychehocvu.tdtu.edu.vn\/QuyChe\/Detail\/90\" target=\"_blank\">TR\u00cdCH Y\u1ebeU QUY CH\u1ebe C\u00d4NG T\u00c1C SINH VI\u00caN<\/a><\/p>\n\n\n\n<p><a rel=\"noreferrer noopener\" href=\"https:\/\/quychehocvu.tdtu.edu.vn\/QuyChe\/Detail\/92\" target=\"_blank\">N\u1ed8I DUNG VI PH\u1ea0M V\u00c0 H\u00ccNH TH\u1ee8C X\u1eec L\u00dd SINH VI\u00caN<\/a><\/p>\n\n\n\n<p><a rel=\"noreferrer noopener\" href=\"https:\/\/quychehocvu.tdtu.edu.vn\/QuyChe\/Detail\/98\" target=\"_blank\">H\u01af\u1edaNG D\u1eaaN H\u1eccC B\u1ed4NG, KHEN TH\u01af\u1edeNG V\u00c0 H\u1ed6 TR\u1ee2 NG\u01af\u1edcI H\u1eccC N\u0102M H\u1eccC 2023 &#8211; 2024<\/a><\/p>\n\n\n\n<p><a rel=\"noreferrer noopener\" href=\"https:\/\/quychehocvu.tdtu.edu.vn\/QuyChe\/Detail\/100\" target=\"_blank\">H\u1eccC B\u1ed4NG CH\u01af\u01a0NG TR\u00ccNH SAU \u0110\u1ea0I H\u1eccC N\u0102M H\u1eccC 2023 &#8211; 2024<\/a><\/p>\n\n\n\n<p><a rel=\"noreferrer noopener\" href=\"https:\/\/quychehocvu.tdtu.edu.vn\/QuyChe\/Detail\/59\" target=\"_blank\">N\u1ed8I DUNG V\u00c0 THANG \u0110I\u1ec2M \u0110\u00c1NH GI\u00c1 R\u00c8N LUY\u1ec6N TR\u00ccNH \u0110\u1ed8 \u0110\u1ea0I H\u1eccC<\/a><\/p>\n\n\n\n<p><a rel=\"noreferrer noopener\" href=\"https:\/\/quychehocvu.tdtu.edu.vn\/QuyChe\/Detail\/57\" target=\"_blank\">B\u1ed8 QUY T\u1eaeC \u1ee8NG X\u1eec C\u1ee6A SINH VI\u00caN<\/a><\/p>\n\n\n\n<p><a rel=\"noreferrer noopener\" href=\"https:\/\/quychehocvu.tdtu.edu.vn\/QuyChe\/Detail\/55\" target=\"_blank\">QUY \u0110\u1ecaNH V\u1ec0 \u1ee8NG D\u1ee4NG C\u00d4NG NGH\u1ec6 TRONG T\u1ed4 CH\u1ee8C V\u00c0 QU\u1ea2N L\u00dd C\u00c1C HO\u1ea0T \u0110\u1ed8NG GI\u00c1O D\u1ee4C<\/a><\/p>\n\n\n\n<p><a rel=\"noreferrer noopener\" href=\"https:\/\/quychehocvu.tdtu.edu.vn\/QuyChe\/Detail\/52\" target=\"_blank\">QUY \u0110\u1ecaNH \u0110\u00c0O T\u1ea0O TI\u1ebeNG ANH C\u1ee6A CH\u01af\u01a0NG TR\u00ccNH TI\u00caU CHU\u1ea8N KH\u00d3A TUY\u1ec2N SINH 2020 TR\u1ede V\u1ec0 SAU<\/a><\/p>\n\n\n\n<p><a rel=\"noreferrer noopener\" href=\"https:\/\/quychehocvu.tdtu.edu.vn\/QuyChe\/Detail\/47\" target=\"_blank\">QUY CH\u1ebe T\u1ed4 CH\u1ee8C V\u00c0 QU\u1ea2N L\u00dd \u0110\u00c0O T\u1ea0O &#8211; \u00c1P D\u1ee4NG CHO KH\u00d3A TUY\u1ec2N SINH 2021 TR\u1ede V\u1ec0 SAU<\/a><\/p>\n\n\n\n<p><a rel=\"noreferrer noopener\" href=\"https:\/\/quychehocvu.tdtu.edu.vn\/QuyChe\/Detail\/44\" target=\"_blank\">QUY \u0110\u1ecaNH T\u1ea0M TH\u1edcI V\u1ec0 N\u1ed8I QUY THI TR\u1ef0C TUY\u1ebeN<\/a><\/p>\n\n\n\n<p><a rel=\"noreferrer noopener\" href=\"https:\/\/quychehocvu.tdtu.edu.vn\/QuyChe\/Detail\/29\" target=\"_blank\">CH\u01af\u01a0NG TR\u00ccNH 03 N\u1ed8I DUNG \u0110\u1ea0O \u0110\u1ee8C &#8211; \u00c1P D\u1ee4NG CHO T\u1ea4T C\u1ea2 SINH VI\u00caN<\/a><\/p>\n\n\n\n<p><a rel=\"noreferrer noopener\" href=\"https:\/\/quychehocvu.tdtu.edu.vn\/QuyChe\/Detail\/20\" target=\"_blank\">QUY \u0110\u1ecaNH H\u1eccC TIN H\u1eccC V\u0102N PH\u00d2NG THEO CHU\u1ea8N MOS &#8211; \u00c1P D\u1ee4NG T\u1eea N\u0102M H\u1eccC 2020-2021<\/a><\/p>\n\n\n\n<p><a rel=\"noreferrer noopener\" href=\"https:\/\/quychehocvu.tdtu.edu.vn\/QuyChe\/Detail\/19\" target=\"_blank\">N\u1ed8I QUY PH\u00d2NG THI &#8211; \u00c1P D\u1ee4NG CHO T\u1ea4T C\u1ea2 SINH VI\u00caN &#8211; THAY TH\u1ebe CHO C\u00c1C QUY \u0110\u1ecaNH TR\u01af\u1edaC<\/a><\/p>\n\n\n\n<p><a rel=\"noreferrer noopener\" href=\"https:\/\/quychehocvu.tdtu.edu.vn\/QuyChe\/Detail\/15\" target=\"_blank\">TH\u00d4NG TIN C\u00c1C PH\u00d2NG\/BAN\/TRUNG T\u00c2M<\/a><\/p>\n\n\n\n<p><a rel=\"noreferrer noopener\" href=\"https:\/\/quychehocvu.tdtu.edu.vn\/QuyChe\/Detail\/14\" target=\"_blank\">QUY \u0110\u1ecaNH V\u1ec0 C\u00c1C H\u1eccC PH\u1ea6N C\u01a0 S\u1ede TIN H\u1eccC THEO CHU\u1ea8N MOS- \u00c1P D\u1ee4NG CHO SINH VI\u00caN KH\u00d3A TUY\u1ec2N SI \u2026<\/a><\/p>\n\n\n\n<p><a rel=\"noreferrer noopener\" href=\"https:\/\/quychehocvu.tdtu.edu.vn\/QuyChe\/Detail\/13\" target=\"_blank\">QUY \u0110\u1ecaNH V\u1ec0 HO\u1ea0T \u0110\u1ed8NG T\u1eacP S\u1ef0 NGH\u1ec0 NGHI\u1ec6P &#8211; \u00c1P D\u1ee4NG CHO T\u1ea4T C\u1ea2 SINH VI\u00caN<\/a><\/p>\n\n\n\n<p><a rel=\"noreferrer noopener\" href=\"https:\/\/quychehocvu.tdtu.edu.vn\/QuyChe\/Detail\/9\" target=\"_blank\">BAN H\u00c0NH QUY \u0110\u1ecaNH C\u1ea4P CH\u1ee8NG NH\u1eacN K\u1ef8 S\u01af\/C\u1eec NH\u00c2N \u01afU T\u00da &#8211; \u00c1P D\u1ee4NG CHO T\u1ea4T C\u1ea2 SINH VI\u00caN<\/a><\/p>\n\n\n\n<p><a rel=\"noreferrer noopener\" href=\"https:\/\/quychehocvu.tdtu.edu.vn\/QuyChe\/Detail\/7\" target=\"_blank\">2017 &#8211; TH\u00d4NG B\u00c1O \u0110I\u1ec0U CH\u1ec8NH TH\u1ee8C TH\u1ee8C T\u1ed0T NGHI\u1ec6P B\u1eacC \u0110H THEO CH\u01af\u01a0NG TR\u00ccNH TOP 100 &#8211; \u00c1P D\u1ee4N \u2026<\/a><\/p>\n","protected":false},"excerpt":{"rendered":"<p>K\u1ef7 lu\u1eadt &#8211; L\u1ec5 ph\u00e9p &#8211; Chuy\u00ean nghi\u1ec7p &#8211; S\u00e1ng t\u1ea1o &#8211; Ph\u1ee5ng s\u1ef1 SLOGAN; MASCOT; \u0110\u1eb6C \u0110I\u1ec2M NH\u1eacN DI\u1ec6N C\u1ee6A GI\u1ea2NG VI\u00caN, VI\u00caN CH\u1ee8C, SINH VI\u00caN TDTU NHI\u1ec6M V\u1ee4 TH\u1ef0C HI\u1ec6N 3 N\u1ed8I DUNG \u0110\u1ea0O \u0110\u1ee8C QUY CH\u1ebe QU\u1ea2N L\u00dd NG\u01af\u1edcI H\u1eccC TR\u00ccNH \u0110\u1ed8 TH\u1ea0C S\u0128, TI\u1ebeN S\u0128 PH\u1ee4 L\u1ee4C M\u1ed8T S\u1ed0 N\u1ed8I DUNG &hellip; <\/p>\n<p class=\"link-more\"><a href=\"https:\/\/itclass.tdtu.edu.vn\/ktpm2021tc01\/community\/\" class=\"more-link\">Read more<span class=\"screen-reader-text\"> &#8220;Quy \u0111\u1ecbnh\/ Quy ch\u1ebf&#8221;<\/span><\/a><\/p>\n","protected":false},"author":0,"featured_media":0,"parent":0,"menu_order":0,"comment_status":"close","ping_status":"close","template":"","meta":{"content-type":""},"featured_image_urls":{"full":"","thumbnail":"","medium":"","medium_large":"","large":"","1536x1536":"","2048x2048":"","inspiro-featured-image":"","inspiro-loop":"","inspiro-loop@2x":""},"post_excerpt_stackable":"<p>K\u1ef7 lu\u1eadt &#8211; L\u1ec5 ph\u00e9p &#8211; Chuy\u00ean nghi\u1ec7p &#8211; S\u00e1ng t\u1ea1o &#8211; Ph\u1ee5ng s\u1ef1 SLOGAN; MASCOT; \u0110\u1eb6C \u0110I\u1ec2M NH\u1eacN DI\u1ec6N C\u1ee6A GI\u1ea2NG VI\u00caN, VI\u00caN CH\u1ee8C, SINH VI\u00caN TDTU NHI\u1ec6M V\u1ee4 TH\u1ef0C HI\u1ec6N 3 N\u1ed8I DUNG \u0110\u1ea0O \u0110\u1ee8C QUY CH\u1ebe QU\u1ea2N L\u00dd NG\u01af\u1edcI H\u1eccC TR\u00ccNH \u0110\u1ed8 TH\u1ea0C S\u0128, TI\u1ebeN S\u0128 PH\u1ee4 L\u1ee4C M\u1ed8T S\u1ed0 N\u1ed8I DUNG VI PH\u1ea0M V\u00c0 H\u00ccNH TH\u1ee8C X\u1eec L\u00dd NG\u01af\u1edcI H\u1eccC TR\u00ccNH \u0110\u1ed8 TH\u1ea0C S\u0128, TI\u1ebeN S\u0128 H\u01af\u1edaNG D\u1eaaN H\u1eccC B\u1ed4NG, KHEN TH\u01af\u1edeNG V\u00c0 H\u1ed6 TR\u1ee2 SINH VI\u00caN N\u0102M H\u1eccC 2022 &#8211; 2023 \u0110I\u1ec0U KI\u1ec6N V\u1ec0 VI\u1ec6C C\u1ea4P TH\u01af KHEN H\u1eccC T\u1eacP &#8211; R\u00c8N LUY\u1ec6N CHO SINH&hellip;<\/p>\n","category_list":"","author_info":{"name":"","url":"https:\/\/itclass.tdtu.edu.vn\/ktpm2021tc01\/author\/"},"comments_num":"0 comments","_links":{"self":[{"href":"https:\/\/itclass.tdtu.edu.vn\/ktpm2021tc01\/wp-json\/wp\/v2\/pages\/6"}],"collection":[{"href":"https:\/\/itclass.tdtu.edu.vn\/ktpm2021tc01\/wp-json\/wp\/v2\/pages"}],"about":[{"href":"https:\/\/itclass.tdtu.edu.vn\/ktpm2021tc01\/wp-json\/wp\/v2\/types\/page"}],"replies":[{"embeddable":true,"href":"https:\/\/itclass.tdtu.edu.vn\/ktpm2021tc01\/wp-json\/wp\/v2\/comments?post=6"}],"version-history":[{"count":3,"href":"https:\/\/itclass.tdtu.edu.vn\/ktpm2021tc01\/wp-json\/wp\/v2\/pages\/6\/revisions"}],"predecessor-version":[{"id":187,"href":"https:\/\/itclass.tdtu.edu.vn\/ktpm2021tc01\/wp-json\/wp\/v2\/pages\/6\/revisions\/187"}],"wp:attachment":[{"href":"https:\/\/itclass.tdtu.edu.vn\/ktpm2021tc01\/wp-json\/wp\/v2\/media?parent=6"}],"curies":[{"name":"wp","href":"https:\/\/api.w.org\/{rel}","templated":true}]}}